 46, 0 = 2*p + 2*p + 5*v + 95. Calculate the remainder when 7 is divided by 1/(4/p*-1).
2
Suppose 0 = -3*l - i + 529, -3*l + 531 - 22 = 5*i. Let k = l - 117. Suppose -33 - 72 = -5*d. What is the remainder when k is divided by d?
19
Calculate the remainder when 12 - (-1)/1*-1 is divided by ((-9)/4)/(6/(-16)).
5
Let g(m) = 3*m**2 + 4*m - 2. Calculate the remainder when g(3) is divided by 19.
18
Suppose 0 = 2*g - 7*g + 180. What is the remainder when 70 is divided by g?
34
Suppose -m - 3*m = 0. Calculate the remainder when (-3)/(-12)*m + 31 is divided by 16.
15
Suppose -33 = -n + 2*s - 3, 0 = -4*n + 3*s + 105. Suppose -b + n = b. Calculate the remainder when 20 is divided by b.
8
What is the remainder when (121 - -9)*(-4)/(-10) is divided by 15?
7
Let t(h) be the first derivative of -h**3/3 + 2*h**2 + 3*h + 3. What is the remainder when 8 is divided by t(4)?
2
Let i(q) = q**3 - 3*q**2 + q. Let g be i(2). Suppose -t + 61 = 3*a + 4*t, -5*a + 75 = 3*t. Calculate the remainder when (42/4)/(g/(-4)) is divided by a.
9
Let t = 7 - 6. Let i(p) = p. Let k(b) = b**3 + 4*b**2 + b + 2. Let s(h) = -6*i(h) + k(h). Calculate the remainder when s(-5) is divided by t.
0
Let z(m) be the third derivative of 1/120*m**6 + 3*m**2 + 0*m + 11/6*m**3 + 0 - 1/5*m**5 + 0*m**4. Calculate the remainder when 20 is divided by z(12).
9
Suppose -5*p - 2*n + 300 = n, 2*p - 3*n = 99. What is the remainder when p is divided by 10?
7
Let z(j) = -3*j**3 - j**2 + 3*j + 1. Suppose 17 - 43 = -2*y + 4*t, -2*t - 2 = 0. Suppose -3*k + 121 = -y. Calculate the remainder when k is divided by z(-2).
14
Let y(g) = -6*g + 47. What is the remainder when y(-9) is divided by 35?
31
Let w = -11 - -58. Suppose x - 48 = -3*x. Calculate the remainder when w is divided by x.
11
Let f(y) = y**3 + 4*y**2 - 1. Let c(q) = q**3 + 7*q**2 + 7*q - 7. Let i be c(-6). Let r be i/5 + 2/(-5). Calculate the remainder when f(r) is divided by 5.
3
Let g(b) = b**3 - 10*b**2 + 17*b - 3. Calculate the remainder when 8 is divided by g(8).
3
Let l(p) = p + 8. Let q(s) = s + 1. Let u be q(-6). Let j be l(u). Let o(d) = 2*d**2 - d - 2. Calculate the remainder when o(j) is divided by 5.
3
Suppose -4 = -3*m + 2. Calculate the remainder when ((-1)/m)/((-1)/58) is divided by 15.
14
Let b(t) be the second derivative of 5/12*t**4 + 0 + t + 1/3*t**3 + 1/2*t**2. What is the remainder when b(2) is divided by 9?
7
Suppose 3*d - 146 = -2*l - 3*l, 0 = 3*d - 4*l - 191. What is the remainder when d is divided by 29?
28
Suppose -4 = -z - 3*z, 76 = 2*r + 2*z. Let y(h) = 2*h - 8. What is the remainder when r is divided by y(9)?
7
Let g(d) = -2*d - 7. Let x be g(-7). Let u(n) = n**2 - 4*n + 10. What is the remainder when u(x) is divided by 11?
9
Suppose -3*c = z - 7, -5*c + 0 = 10. What is the remainder when 220/6 - (-4)/12 is divided by z?
11
Suppose 0 = l - 2 + 4, -4*f = 3*l + 14. Let w = f + 2. Suppose -2*g + 4*g - 2 = w. Calculate the remainder when 2 is divided by g.
0
Suppose 0 = -7*x + x + 468. What is the remainder when x is divided by 27?
24
Suppose 21*q = 115 + 32. What is the remainder when (12 - 0)*(-1)/(-1) is divided by q?
5
Let a(x) = -x**2 + 8*x - 8. Let s be a(6). Suppose 0 = 3*f + 4*k - 41, -4*f + 6*f + s*k = 30. Calculate the remainder when 20 is divided by f.
9
Let g(f) = -25*f + 7. What is the remainder when g(-6) is divided by 53?
51
What is the remainder when (12/9)/1*12 is divided by 9?
7
Let m(s) = s + 1. Let w = 0 + 4. What is the remainder when 19 is divided by m(w)?
4
Let k(h) = 2*h**3 - 7*h**2 + 5*h + 2. Calculate the remainder when k(4) is divided by 10.
8
Let n be 3/6 - (-5)/2. Suppose 1 - 28 = -n*a. What is the remainder when 35 is divided by a?
8
Let h = -16 - -26. Suppose 8*w - 10*w + 8 = 0. Suppose -w*c + r = -154, 104 = 2*c + c + 5*r. What is the remainder when c is divided by h?
8
Let r(f) = -2*f**3 - 2*f**2 + 4*f + 4. Let v be r(-2). Suppose -v*b - 48 = -6*b. Calculate the remainder when b is divided by 9.
6
Let b be 27/4 - 3/4. Suppose -v - 115 = -b*v. Calculate the remainder when v is divided by 8.
7
Suppose 0 = -3*a + 4*x + 143, -60 = -3*a + 5*x + 88. Calculate the remainder when -1*(1 + (3 - a)) is divided by 13.
11
Suppose 10*z = 11*z - 34. Calculate the remainder when z is divided by 5.
4
Let z be (0/(-2))/(0 + -2). Let y be 36 - (-2 - z) - 2. Let j = y - 17. What is the remainder when j is divided by 7?
5
Let o(t) = t**3 - 2*t**2 - 3. Let p be o(3). Let q = p + -3. What is the remainder when ((-10)/15)/(2/(-21)) is divided by q?
1
Let h be 0 + (0 - (-8)/2). Suppose -6*j + 40 = -h*j. Calculate the remainder when j is divided by 11.
9
Suppose 0*w - 4*w = -8. Suppose -3*j + 3*f - 2 = -5, 4*j - 4 = w*f. Suppose -5*a - 1 = -6. Calculate the remainder when a is divided by j.
0
Let k = 7 - 6. What is the remainder when 8 is divided by 5*k + (-4 - -4)?
3
Suppose -j = -o + 29, -5*j = -0*o + 4*o - 107. Calculate the remainder when o is divided by 10.
8
Let d be (-3 - -4)*(1 - -5). Suppose 3*p = d*p - 12. Suppose -2*y - o = -11, -p*y - 5*o + 15 = -2*y. Calculate the remainder when 8 is divided by y.
3
Suppose -4*u + 16 = -4. Let l(k) = k**2 - 4*k - 2. Let s = -10 + 14. Calculate the remainder when s is divided by l(u).
1
Suppose 3*p = 3*z - 21, -3*z - 5*p = 2*z - 35. Let f = 4 + -2. Let v = f + 2. Calculate the remainder when z is divided by v.
3
Let x(k) = -k**2 + 7*k - 4. Let w be x(5). Suppose -3*v - q - 41 = -w*v, 0 = 3*v - 2*q - 40. Calculate the remainder when 40 is divided by v.
12
Let r(y) = y**2 + 10*y + 18. What is the remainder when r(-15) is divided by 24?
21
Suppose -4*x = -y + 2 + 11, -3*x = -2*y + 16. Suppose 10*t - y*t = 0. Suppose 39 = r - t*r. Calculate the remainder when r is divided by 14.
11
Let q be 27/(-18)*(-244)/6. Suppose 5*j - q = 2*k, -j + 1 = -5*k - 2. What is the remainder when j is divided by 5?
3
Let z(o) = o - 10. Let g be z(8). Let s be 81/18 + g/4. Suppose -l = 3*i - 20, 0 = -l + s*i - i + 14. What is the remainder when l is divided by 9?
8
Let w(k) = 17*k - 1. Calculate the remainder when 77 is divided by w(1).
13
Let q = 193 + -141. What is the remainder when q is divided by 28?
24
Let n(a) = a + 37. Calculate the remainder when n(0) is divided by (6/(-24))/(1/(-76)).
18
Let o = 110 - 45. Let g = -6 + o. Calculate the remainder when g is divided by 20.
19
Suppose 0 = 2*u - 6 - 16. Calculate the remainder when u is divided by 6.
5
Let l = 2 - 1. Suppose -3*j + 11 = -l. What is the remainder when 15 is divided by j?
3
Let w(y) = -y + 4. Suppose 3*q - 11 = -44. Calculate the remainder when w(q) is divided by 6.
3
Let f = -2 - -11. Calculate the remainder when 23 is divided by f.
5
Calculate the remainder when (-9)/15 + 288/30 is divided by 6.
3
Suppose 0 = -0*x + 5*x + 25, 3*p - 58 = 5*x. Calculate the remainder when 42 is divided by p.
9
Let h be 2 + -2 - -1 - -2. Suppose 4*t + 3*z - 6 = 3*t, -5*z = -h*t + 88. What is the remainder when t is divided by 11?
10
Let n be 48/22 - 6/33. Suppose -3*b + r + 59 = 0, -n*b - 2*r + 31 = -r. Suppose 0*i + b = 2*i. Calculate the remainder when i is divided by 4.
1
Let r(c) = -c**3 + 10*c**2 - 8*c + 6. What is the remainder when 42 is divided by r(9)?
12
Let z be 3/(6 + -3)*-19. Let m = -3 - z. What is the remainder when m is divided by 9?
7
Suppose -c = z - 11, -3*z - 55 = -5*c - 4*z. Calculate the remainder when 43 is divided by c.
10
Suppose -x + 4*x = 0. Suppose m + x*m - 12 = 0. What is the remainder when 23 is divided by m?
11
Let m = 36 + -12. Suppose -34 - 7 = -4*b + 5*t, -16 = b + 4*t. Suppose -b*p + p = -39. What is the remainder when m is divided by p?
11
Suppose 20 = 4*t + 4*x, 3*t = t - x + 7. Suppose t*n = 2, -2*b - 3*b = -2*n - 48. Suppose 4*j - 19 = 3*j. Calculate the remainder when j is divided by b.
9
Suppose 4*l = 5*l. Suppose -3*g + 14 + 43 = l. What is the remainder when 36 is divided by g?
17
Let w = 29 + 2. What is the remainder when 61 is divided by w?
30
Suppose -44 = -4*n - 5*v, -3*n + 2*n = -4*v - 32. Calculate the remainder when 63 is divided by n.
15
Let t = 4 + -3. Let b(n) = 2*n**2 + n. Calculate the remainder when 7 is divided by b(t).
1
Suppose z + 5*r - 19 = 2*r, -5*r + 37 = 2*z. Suppose -2*x + 6 = -g, g - x - 2 + 8 = 0. Let f = g + z. Calculate the remainder when 17 is divided by f.
7
Suppose 5*r + 